) + 1786/4 prime?
False
Let p = 79 + 280. Is p prime?
True
Suppose a - 25 = -5*w, w = -0*a + a + 5. Let p = -6 + 12. Suppose -w*b = 5*y - 35, -p*y + y - 42 = -2*b. Is b composite?
False
Suppose 0*x = 2*x + 5*n - 382, 4*x - 824 = 5*n. Let o be (x/2)/((-1)/(-2)). Let r = 356 - o. Is r a prime number?
False
Let o be 6854/12 + 11/(-66). Let s = o + -68. Is s a composite number?
False
Suppose 7*q - 2*q - 240 = 0. Let y(p) = -p + 8. Let o be y(6). Suppose -o*t - q = -4*a + 2*t, -5*t = -3*a + 40. Is a composite?
True
Let q(z) = z**2 + 5*z + 2. Let o be q(-5). Suppose -2*i = 4*l - 2*l - 1072, 0 = -o*i + 2*l + 1068. Is i prime?
False
Is -4 + 638 + (4 - 7) a prime number?
True
Let c = 33 + -8. Is 3/(-5) + 13040/c composite?
False
Suppose 2*s + f = 3, 2*f = -2*s - 1 - 1. Let y = 510 + -334. Suppose -3*r = -q + y, s*q - 94 - 555 = r. Is q prime?
False
Let m = 4 - 4. Let c = m - -2. Suppose c*x + 37 = 267. Is x a composite number?
True
Suppose 2*t - 2438 = -4*n, 2*t + n - 603 = 1826. Is t a prime number?
True
Let s(d) = 69*d**2 - 4*d + 4. Is s(3) a composite number?
False
Is -3 + 686/6 + (-2)/6 composite?
True
Suppose 12 = 5*x + d, -10 = -4*x - 2*d + d. Let m be x/4*1*8. Suppose 4*o - 150 = -z, 120 = 3*o - m*z + z. Is o prime?
False
Suppose -2*x - 142 = 2*k, 4*x = -14 - 2. Let i = 44 - k. Is i composite?
True
Let y be ((-166)/(-6))/((-9)/27). Let t = -37 - y. Is t a composite number?
True
Let i(j) = -3*j + 97*j**3 + 6 + 2*j - 5. Is i(1) a prime number?
True
Suppose 9*s - 853 = 974. Is s a composite number?
True
Suppose -q = -3 - 2. Suppose -q*u = -u - 148. Is u prime?
True
Let q(h) = h**2 + 5*h - 4. Let f be q(5). Suppose -5*j - 25 = 0, f = -3*d - 5*j + 15. Let t = d - -53. Is t a prime number?
False
Suppose -5*s + 2*s - 4*i + 21 = 0, 3*s + 6 = 5*i. Suppose 0 = -2*b + s*q + 955, b + 3*q = 4*b - 1431. Let a = -265 + b. Is a a prime number?
True
Let f(n) = n**3 - 9*n**2 + 8*n. Let g(t) = -t**3 + 7*t**2 + 2*t - 6. Let c be g(7). Let y be f(c). Suppose y*o = -o + 4. Is o composite?
True
Let h(r) = -23*r**3 - r**2 - 2*r - 6. Is h(-2) a composite number?
True
Let w(i) be the first derivative of i**3/3 - 3*i**2/2 + 3*i - 3. Is w(5) a prime number?
True
Let h be 9/2*4/6. Let o be (h/1)/1*5. Is (-3)/o - 156/(-5) a prime number?
True
Suppose 3*u = r + 599, 4*u - 3*r + 790 = 8*u. Is u prime?
True
Suppose 0 = -2*w + 5*c + 37, -c = 5*w - 2*c - 150. Is w a composite number?
False
Let m = 8 - 6. Suppose -26 + m = -4*b. Is b composite?
True
Let l(z) = z**2 + 7*z - 4. Let i be l(-8). Let y = i + -4. Suppose y*s + 19 = s. Is s a prime number?
True
Suppose -3*k + 0 + 2 = p, 0 = -p + k - 14. Is (-515)/(-11) - p/55 prime?
True
Let y = 10 + -6. Suppose 0*m + 5*m = -y*b - 44, -5*m = b + 56. Is (2 - 15/m)*4 a composite number?
False
Let h(g) = -5*g**2 + 7*g + 2. Let r(q) = -4*q**2 + 6*q + 2. Let i(m) = -5*h(m) + 6*r(m). Is i(7) composite?
True
Suppose -4 - 9 = -z. Let o = z - 7. Let i(h) = -h**3 + 8*h**2 - 3*h - 1. Is i(o) a composite number?
False
Let f(l) = 27*l + 14. Let i(p) = 9*p + 5. Let t(h) = 4*f(h) - 11*i(h). Let u be t(-3). Let m = -4 - u. Is m a prime number?
False
Let a = 15 - 10. Suppose -p - 12 = -a*p. Is p prime?
True
Let y be (-15)/((-2)/(6*1)). Let k be ((-16)/(-4) - 3)*3. Suppose y = -k*a + 120. Is a prime?
False
Let n be 12/(-10)*(-20)/6. Suppose 11 = n*p - 9. Suppose p*a + 127 - 702 = 0. Is a a prime number?
False
Suppose 0*f + 580 = 4*l + 2*f, -5*f = l - 163. Is l a composite number?
True
Let c(d) = 8*d**2 + d - 4. Let o be c(7). Suppose 3*m - 2*m - 275 = -2*q, -3*q + o = 5*m. Suppose 4*a - 193 = a - 4*s, -2*a = -3*s - q. Is a prime?
True
Let h(r) = -4*r**3 + r**2 + 5*r + 3. Is h(-5) a composite number?
False
Let g(y) = -2*y**3 + y**2 - 1. Let t be g(1). Let n be (6 - 7)/((-1)/t). Is 1 - (1 - (-62)/n) prime?
True
Let b(i) = 25*i**2 - i + 6. Let z be b(-5). Let q = z + -71. Is q prime?
False
Suppose 0 = -4*i - 0*i. Suppose 0 = h + 3*l - 18, 2*h + 2*h - l - 137 = i. Is h composite?
True
Let v(j) = -j**2 + 185. Is v(0) prime?
False
Let s(k) = 6*k**2 + 8*k + k**3 - 3 - 6*k + 2. Is s(-4) a prime number?
True
Is (-7)/(-28) + (-227)/(-4) prime?
False
Let x be 1/(9/(-84))*-6. Is x/10 + (-6)/(-15) prime?
False
Suppose 5*n - s - 15 = -6*s, -5*s - 10 = 0. Suppose -49 = -n*x - 4*u, 0 = 4*x + u - 6*u - 72. Is x composite?
False
Let t(l) be the third derivative of l**6/120 - l**5/15 - 5*l**4/12 + 4*l**3/3 + 3*l**2. Is t(7) composite?
True
Suppose -t + 2*t = 149. Is t a prime number?
True
Let u be (-1722)/6*(-6)/7. Let k = u + 157. Is k prime?
False
Suppose l - 90 = -2*l. Suppose -d + l = 2*d. Suppose -2*w + d = 0, 3*w + 200 + 21 = 4*h. Is h composite?
False
Let v be (-4)/(-14) - (-331)/(-7). Let w(u) = -u - 28. Let s be w(0). Let n = s - v. Is n prime?
True
Let k be (12/(-8))/(1/2). Let m(h) = h**2 + 3*h - 3. Let j be m(k). Is j/3 - (-7 + 2) prime?
False
Suppose 21 = -7*k + 287. Is k a prime number?
False
Let d(u) = -76*u - 2. Is d(-1) composite?
True
Let i(p) = -14*p - 5. Let d(j) = 42*j + 14. Let c = -2 + 0. Let o(a) = c*d(a) - 7*i(a). Is o(5) a composite number?
True
Let u = 30 + 13. Let p be -1 - (19 + 1 + 0). Let h = u + p. Is h prime?
False
Let g(y) = -2*y**2 + 26*y + 14. Let q(n) = -n**2 + 9*n + 5. Let a(b) = 6*g(b) - 17*q(b). Is a(3) prime?
True
Suppose 3*q - 180 = 4*z, -z - 2*z - 183 = -3*q. Let w = -16 + q. Let b = 21 + w. Is b a composite number?
True
Let z(r) = -2*r**3 - 3*r**2 + 5*r - 1. Is z(-4) a prime number?
True
Suppose -3*s = -0*y - 4*y - 1101, -378 = -s + 5*y. Let l be s*(8/6 + -1). Suppose 5*k = x + x - 36, -5*x + l = 3*k. Is x a prime number?
True
Is -1 + (3 - 1) + 52 prime?
True
Suppose 0*n + 5*n = 25. Let j = 9 - n. Suppose -3*q = -4*h + 16, 4*h + 0*q - 44 = -j*q. Is h a prime number?
True
Let c = -1136 + 1591. Suppose 262 + c = 3*j. Is j composite?
False
Let p(v) = -17*v - 1. Let g be p(-2). Suppose -4*k + 0*k + g = u, 0 = -k + 4*u + 21. Is k a composite number?
True
Suppose -15 = -f + 7. Is f composite?
True
Let k(o) = 20*o**3 - 13*o**2 - 5*o + 5. Is k(4) a composite number?
True
Suppose 99 = 5*q - 3*b - 2831, -5*b = 2*q - 1172. Is q composite?
True
Suppose -4*y + 2042 = -2*a, 3*y - 2*y - 3*a - 523 = 0. Suppose -3*p + 1819 - y = -3*u, 0 = p - 5*u - 421. Is -3 - (-1 + p/(-3)) a composite number?
True
Let n = -441 - -1215. Suppose 3*o + 105 = n. Is o a prime number?
True
Let d(y) = y. Let c be d(4). Let r = -3 - -6. Suppose -133 = -r*o + 4*h - 14, -4*h = -c*o + 152. Is o prime?
False
Let l = -126 + 215. Is l a composite number?
False
Suppose 3*f - 5*f - 174 = 0. Let k = 309 + -155. Let v = f + k. Is v prime?
True
Let w = -60 + 106. Suppose v + 67 = -0*o - 5*o, 2*o + v + 28 = 0. Let b = w + o. Is b prime?
False
Suppose 0 = -51*i + 47*i + 1564. Is i a composite number?
True
Let o(d) = 8*d + 3. Let k be o(-11). Let m be 3/(66/34 - 2). Let z = m - k. Is z a prime number?
False
Suppose 0 = 4*y - 177 - 895. Let f = y - 119. Is f a prime number?
True
Suppose 3*l - 39 = 3*b, 0 = -4*l - 4*b + 21 - 1. Suppose -2*o + 3 = -l. Is 105/20*16/o prime?
False
Suppose 1 = b - 1. Suppose b*o - 10 - 544 = 0. Is o prime?
True
Suppose -15 = -10*p + 5*p. Suppose 2*s = -0*s - 4, 3*s = -p*u + 51. Is u a composite number?
False
Let d(j) = -j + 46*j**2 + 3 + 6*j**2 - 3*j. Is d(2) a composite number?
True
Suppose 3*y = -5*w + 391, 0 = -2*w + 6*w + 2*y - 312. Is w a prime number?
False
Let f(g) = -10*g - 83. Is f(-21) a prime number?
True
Let g be 4/6 + (-3390)/(-18). Suppose x - g = -2*o, 96 = o - 0*o + x. Is o composite?
True
Let w(y) = -y**3 - 2*y**2 - y + 2. Let p be w(-3). Let j = p + -9. Suppose 101 = -5*u + 5*f + 391, j*u + 3*f = 322. Is u composite?
True
Let g(z) = 386*z**2 - z - 1. Let m be g(-1). Let d = m - 201. Let l = 304 - d. Is l a prime number?
False
Let h = 101 - 193. Let p = -57 - h. Suppose y = 2*y - p. Is y a prime number?
False
Let v(u) = -u**3 - 2*u + 100. Let n be v(0). Suppose 4*x = -0*x + n. Is x a prime number?
False
Let v(r) = r**2 - 4*r - 7. Let c be v(-8). Is c + 2 + (1 - 1) a composite number?
True
Is (-15490)/(-8) - (-1 - 2/(-8)) prime?
False
Suppose 2*l + 4*m - 570 = 0, 1184 = 4*l - m - 2*m. Is l composite?
False
Let l = -23 + 88. Is l composite?
True
Let n(q) = 140*q**2 + 9*q - 39. Is n(4) a composite number?
False
Let s = 832 - 437. Is s pr